10
Let w = -2336 + 2550. What is the remainder when w is divided by 18?
16
Calculate the remainder when (4 + 5/((-10)/4))/((-84)/(-13776)) is divided by 55.
53
Let s = 9248 - 8592. Calculate the remainder when s is divided by 44.
40
Let n = 7 - -13. Suppose 5*s - 65*s = -1280 - 2080. What is the remainder when s is divided by n?
16
Let g(d) = -d**3 + 22*d**2 + 38. Let v be g(22). Let l = v - 27. Suppose 0 = -l*h + 302 + 61. What is the remainder when 163 is divided by h?
31
Suppose 0 = -2*y + 3*o + 23, 0*y = -y - 5*o - 21. Let f(m) = m**2 - m - 2. What is the remainder when 28 is divided by f(y)?
8
Suppose -y - 4*b = 135 - 17, 4*y - 2*b = -508. Calculate the remainder when 2*(-8)/(-16) - y is divided by 33.
28
Let p = -153 + 270. Suppose -2*j + 41 = p. Let q = 57 + j. What is the remainder when 56 is divided by q?
18
Suppose 4*x - 57 = 7. Let j(m) = -6 + x*m - 4 - 19*m**2 - m**3 - 15 - 4. Calculate the remainder when j(-20) is divided by 19.
13
Suppose -3*q + q = -64. Suppose q = 4*a + 52. What is the remainder when 39 is divided by (a + 6)/(2/14)?
4
Let g(m) = m**2 - 36*m - 201. Let q be g(41). Let j(c) = c**2 + 2*c - 3. Calculate the remainder when q/1 + (-132 - -140) is divided by j(-4).
2
Let w(t) = t**2 + 6*t - 52. What is the remainder when 169 is divided by w(-11)?
1
Let f = -1220 - -1353. Let w(b) = 2*b**2 - 9*b - 14. Calculate the remainder when f is divided by w(9).
66
Let c(p) = 69*p + 21. Calculate the remainder when c(2) is divided by 10.
9
What is the remainder when (166/(-166))/((-2 - -3)/(-239)) is divided by 80?
79
Let p(j) = -j**3 + 34*j**2 - 57*j - 821. What is the remainder when p(30) is divided by 510?
49
Let g be (-719)/(-3) - 72/(-54). Let d = g - 176. What is the remainder when 129 is divided by d?
64
Let h(k) = -k**2 - 47*k + 108. Calculate the remainder when h(-16) is divided by 285.
34
Calculate the remainder when 512 is divided by (-756)/(-7) + (-2)/1*(-11 - -7).
48
Suppose 4*c - k - 2394 = 0, 5*c - 9*k = -6*k + 2982. Calculate the remainder when c is divided by 298.
4
Let x = -7479 + 7588. What is the remainder when 320 is divided by x?
102
Let s = -22 - -4. Suppose -2 = 2*k + 4, -5*q - k + 172 = 0. Let j = q + s. Calculate the remainder when 46 is divided by j.
12
Suppose -2*o - 3*o + 5*v + 70 = 0, 0 = -3*o + 5*v + 42. Let p = -289 + 141. What is the remainder when 4/(-6) + p/(-6) + 2 is divided by o?
12
Let z = 476 - 469. Let u(k) = k**3 - 5*k**2 - 10*k - 9. Calculate the remainder when 73 is divided by u(z).
16
Suppose 0 = 9*s - 10*s + 5*o - 29, 0 = -4*s + 3*o - 48. What is the remainder when s/4*(-45 - -41) is divided by 4?
1
Suppose -5*y - 87*j + 90*j + 6886 = 0, 0 = 5*y + j - 6898. Calculate the remainder when y is divided by 18.
11
Suppose 3*v = -5*j + 4177, -2060 = -3*j + v + 421. What is the remainder when j is divided by (1*14)/(1 + 1)?
4
Suppose 3*n + 65 = 5*w, -5*n + 5 = 3*w - 0. Suppose 0 = 2*f - w*f + 32. What is the remainder when 7 is divided by f?
3
Let s = 479 + -459. Suppose 0 = -7*i + 6*i - c + 17, s = -4*c. Let t(j) = 3*j. Calculate the remainder when i is divided by t(2).
4
Let c = -2725 - -2739. What is the remainder when 145 is divided by c?
5
Let l(q) = -2*q**3 - 14*q**2 - 11*q + 8. Suppose 10*x = -8 - 52. Calculate the remainder when 34 is divided by l(x).
0
Suppose 8*w + 8*w - 944 = 0. What is the remainder when 1355 is divided by w?
57
Let l(d) = -d**2 - 22*d**3 - 2 - 3*d + 4*d + d - 2*d**3. Let g be l(1). Let o = -12 - g. Calculate the remainder when 73 is divided by o.
8
Let w = 3941 - 3922. What is the remainder when 8359 is divided by w?
18
Suppose 10*n - 5*n + 2*f - 634 = 0, -5*n + 592 = -4*f. Calculate the remainder when n is divided by 37.
13
Suppose 5*t - 60 = -8*f + 3*f, -3*t + 2*f + 21 = 0. What is the remainder when t/12 - (-3)/(-12)*-877 is divided by 37?
35
Suppose -48*f = -25*f - 3726. Calculate the remainder when 275 is divided by f.
113
Calculate the remainder when 1400 is divided by 4/(((-18)/(-39))/3).
22
Suppose -132*g + 72*g = -62*g + 10330. What is the remainder when g is divided by 123?
122
What is the remainder when -3 - (15/(-10))/(6/18824) is divided by 24?
23
Let t(x) be the second derivative of -2*x**3/3 - 15*x**2 - 15*x + 5. Let c = 14 - 24. Calculate the remainder when 35 is divided by t(c).
5
Suppose -4*h = 5*a - 81, 0*a - 1 = -a. Suppose 0 = -5*b + 1 + 4. Suppose -2*l + 5*v + 16 = b, -2*l + 24 = 4*v. What is the remainder when h is divided by l?
9
Let z = 1579 - 1577. Suppose 0 = z*d - 209 + 105. Suppose -3*a = -346 - 428. Calculate the remainder when a is divided by d.
50
Let f(g) = g**3 - 22*g**2 - 44*g. Let k(j) = -j**2 - j + 1. Let a(c) = -f(c) + 6*k(c). Calculate the remainder when 122 is divided by a(18).
38
Let o(b) = -10 - 12*b - 5 - 38. Let z be ((-168)/(-126))/((-8)/90). Calculate the remainder when o(z) is divided by 43.
41
Suppose 3*d - 288 = -2*d - d. Suppose -4*l = 0, 5*n - 2*l + 4*l - 405 = 0. What is the remainder when n is divided by d?
33
Let w = -30395 + 30680. Calculate the remainder when 1980 is divided by w.
270
Calculate the remainder when 12/(-22) + (-9970053)/(-4587) is divided by 68.
65
Suppose 811 + 337 = -4*q. Let f = -270 - q. Calculate the remainder when f is divided by 4.
1
Let r(m) = -505*m**3 + 5*m**2 + 5*m + 3. What is the remainder when r(-1) is divided by 100?
8
Suppose 0 = -50*y + 47*y - 21, -591 = -4*u + 5*y. Calculate the remainder when u is divided by 47.
45
Calculate the remainder when 446 is divided by (10 - (-596)/(-20))*-5.
50
Suppose -5*x + 3229 = 4*t, 0 = 20*t - 21*t - 4. Calculate the remainder when x is divided by 320.
9
Suppose o - 5*q = 99, 4*o - 420 = q - 5*q. Suppose 6*m - 172 = o. Suppose 3*j = -h + m, -7 = 4*h + 13. What is the remainder when 46 is divided by j?
12
Let h be ((-6580)/(-8))/(-5) + 5/10. What is the remainder when 73 is divided by (1 + 1)*h/(-16)*2?
32
Let j = 320 - 253. Let g = 173 + -163. Calculate the remainder when j is divided by g.
7
Let d(f) = -68*f - 8. Let i be d(4). Let t = i - -285. Suppose -y + p + 20 = 0, -18 = -y + 2*p + 3. Calculate the remainder when y is divided by t.
4
Let d(r) = 1984*r**2 - 657*r**2 - 656*r**2 - 661*r**2. Let j(p) = -p**2 + 6*p - 1. Let k be j(6). What is the remainder when d(k) is divided by 3?
1
Suppose -4*u + 1697 = t - 624, 0 = u + 3*t - 583. Let i = u + -572. Calculate the remainder when 127 is divided by i.
7
Let d(p) = 5*p + 0*p + 7*p - 5*p - 9*p**3. Let r(n) = -n**3 + n - 1. Let m(i) = d(i) - 3*r(i). What is the remainder when m(-1) is divided by 2?
1
Suppose 0 = -20442*z + 20428*z + 588. Calculate the remainder when 3355 is divided by z.
37
Let q(k) = -4*k - 8. Let t be q(-4). Suppose -36 = t*l + l. Calculate the remainder when l*(-2 - 135/20) is divided by 9.
8
Let w(z) = 11*z - 3. Let g be w(-9). Let d = 217 + g. Suppose 0 = -2*n - 5*f + 113, d = -0*n + 2*n + 3*f. Calculate the remainder when 173 is divided by n.
55
Suppose -i = -5*b + 11, -7*i = -5*i - 3*b + 1. Suppose -8*u = l - 12*u - 90, i*l = -2*u + 342. Calculate the remainder when 428 is divided by l.
84
Calculate the remainder when 1456 is divided by ((-183)/(-24))/((9 + -6)/24).
53
Let u(s) = 2*s**2 - 2*s - 7. Suppose -3*o + 216 = -m + 46, 4*m = -44. Calculate the remainder when u(-7) is divided by o.
52
Suppose 5*q + 3*r - 1032 = 0, 3*q - 5*r = 5*q - 428. Suppose -3*v = -6, -3*j - v = -4*v - q. Calculate the remainder when 131 is divided by j.
61
Suppose -c = -0*c - 32. Let s(t) = -21*t + 101. Let a be (7 - 6)*((-6)/(-2) + 1). What is the remainder when c is divided by s(a)?
15
Let n be 7 - (-10)/(70/63). Suppose 0 = -5*c - 2*s + 74, -2*s - 22 - n = -3*c. Let q = 56 + -33. Calculate the remainder when q is divided by c.
9
Suppose 4*b - 264 = -4*a, 4*a + 9 = -3*b + 277. Suppose 3*p - 16604 = -34*o, -p + 212 = 2*o - 768. What is the remainder when o is divided by a?
68
Suppose 19*i = 1321 + 142. Suppose 0 = 81*g - i*g - 188. What is the remainder when g is divided by 7?
5
What is the remainder when 22 + -25 - (-22)/8 - 1947/(-12) is divided by 84?
78
Suppose -q - 5*v - 3 = -0*v, 0 = -3*v - 15. Suppose 840 = q*k - 7*k. What is the remainder when k is divided by 6/21 + 82/7?
8
Let s = -341 - -393. Calculate the remainder when 17 is divided by (-117)/(-195) - s/(-5).
6
Suppose 5*j + 4